{"id":2045,"date":"2025-01-31T09:02:01","date_gmt":"2025-01-31T09:02:01","guid":{"rendered":"https:\/\/www.darlingdesperados.com\/?page_id=2045"},"modified":"2025-01-31T09:04:05","modified_gmt":"2025-01-31T09:04:05","slug":"katta-palsson","status":"publish","type":"page","link":"https:\/\/www.darlingdesperados.com\/?page_id=2045","title":{"rendered":"Katta P\u00e5lsson"},"content":{"rendered":"\n<p>ANST\u00c4LLNINGAR<\/p>\n\n\n\n<p>Cirkus Cirk\u00f6r Producent 2022-<\/p>\n\n\n\n<p>Unga Klara Producent 2011-2020<\/p>\n\n\n\n<p>STDH Producent 2009-2010<\/p>\n\n\n\n<p>Teaterh\u00f6gskolan Producent projekt 2006-2008<\/p>\n\n\n\n<p>UTBILDNING<\/p>\n\n\n\n<p>Masterprogram &#8211; Art of Impact, Film och Media, SKH, 2018-2020<\/p>\n\n\n\n<p>Sk\u00e5despelarlinjen, Teaterho\u0308gskolan , Malmo\u0308, 1984\u20131987<\/p>\n\n\n\n<p>DARLING DESPERADOS<\/p>\n\n\n\n<p>Tillsammans med Ulrika Malmgren dramatiker, regiss\u00f6rer, producenter, sk\u00e5despelare.<\/p>\n\n\n\n<p>Darling Desperados har producerat ett 50-tal olika produktioner. Vi har drivit Dans och Teaterhuset Fakiren i Malm\u00f6 och spelat p\u00e5 Stockholms Stadsteater, Galeasen, Storan, Berns,<\/p>\n\n\n\n<p>Riksteatern, med flera.Turn\u00e9er i Sverige och internationellt.<\/p>\n\n\n\n<p>Sommarteater med ett 25 -tal cirkusvagnar, bar, Cirkust\u00e4lt och publikplats f\u00f6r 1500 personer<\/p>\n\n\n\n<p>Darling Desperados var v\u00e4rdar i \u201dSommar\u201d P1 -94<\/p>\n\n\n\n<p>Darling Desperados producerade och var curator f\u00f6r artister, konstn\u00e4rer och internationella<\/p>\n\n\n\n<p>g\u00e4ster med Folkh\u00e4lsomyndigheten IIMHL(International Initiative for Mental Health<\/p>\n\n\n\n<p>Leadership) i Annexet under 3 dagar 2018<\/p>\n\n\n\n<p>Samarbetat med bla Os Satyros ,Brasilien, Terceira Pessoa-Portugal, Village Gossip<\/p>\n\n\n\n<p><\/p>\n\n\n\n<p><\/p>\n\n\n\n<p><\/p>\n\n\n\n<p>Sk\u00e5despelare ut\u00f6ver Darling Desperados (urval)<\/p>\n\n\n\n<p>Netflix \u201dK\u00e4rlek &amp; Anarki\u201d Regi Lisa Langseth<\/p>\n\n\n\n<p>Film \u201dJakten p\u00e5 en Mo\u0308rdare\u201d, regi Mikael Marcimain<\/p>\n\n\n\n<p>Film \u201dFlickan, Mamman och Demonerna\u201d, regi Suzanne Osten<\/p>\n\n\n\n<p>Film \u201dMo\u0308rdare utan ansikte\u201d, \u201dHundarna i Riga\u201d regi Pelle Berglund \u2013 1990 talet<\/p>\n\n\n\n<p>SVT-\u201dDetta har h\u00e4nt\u201d -1990 talet<\/p>\n\n\n\n<p>Malmo\u0308 Stadsteater, Regionteatern Kronoberg, \u2013 1980 talet<\/p>\n\n\n\n<p>STIPENDIER<\/p>\n\n\n\n<p>Malmo\u0308\u0308 stads kulturstipendium, Fritiof Nilsson Piraten, Ise Morsing , Konstn\u00e4rsn\u00e4mnden.<\/p>\n\n\n\n<p>ANNAT<\/p>\n\n\n\n<p>Regisserat p\u00e5 \u201dCirkusliv\u201d Cirkus Cirko\u0308r, \u201dVilja,Vela, Vilse\u201dUnga p\u00e5 Operan med flera<\/p>\n","protected":false},"excerpt":{"rendered":"<p>ANST\u00c4LLNINGAR Cirkus Cirk\u00f6r Producent 2022- Unga Klara Producent 2011-2020 STDH Producent 2009-2010 Teaterh\u00f6gskolan Producent projekt 2006-2008 UTBILDNING Masterprogram &#8211; Art of Impact, Film och Media, SKH, 2018-2020 Sk\u00e5despelarlinjen, Teaterho\u0308gskolan , Malmo\u0308, 1984\u20131987 DARLING DESPERADOS Tillsammans med Ulrika Malmgren dramatiker, regiss\u00f6rer, producenter, sk\u00e5despelare. Darling Desperados har producerat ett 50-tal olika produktioner. Vi har drivit Dans och &hellip; <a href=\"https:\/\/www.darlingdesperados.com\/?page_id=2045\" class=\"more-link\">Continue reading <span class=\"screen-reader-text\">Katta P\u00e5lsson<\/span> <span class=\"meta-nav\">&rarr;<\/span><\/a><\/p>\n","protected":false},"author":1,"featured_media":0,"parent":0,"menu_order":0,"comment_status":"closed","ping_status":"closed","template":"","meta":[],"_links":{"self":[{"href":"https:\/\/www.darlingdesperados.com\/index.php?rest_route=\/wp\/v2\/pages\/2045"}],"collection":[{"href":"https:\/\/www.darlingdesperados.com\/index.php?rest_route=\/wp\/v2\/pages"}],"about":[{"href":"https:\/\/www.darlingdesperados.com\/index.php?rest_route=\/wp\/v2\/types\/page"}],"author":[{"embeddable":true,"href":"https:\/\/www.darlingdesperados.com\/index.php?rest_route=\/wp\/v2\/users\/1"}],"replies":[{"embeddable":true,"href":"https:\/\/www.darlingdesperados.com\/index.php?rest_route=%2Fwp%2Fv2%2Fcomments&post=2045"}],"version-history":[{"count":2,"href":"https:\/\/www.darlingdesperados.com\/index.php?rest_route=\/wp\/v2\/pages\/2045\/revisions"}],"predecessor-version":[{"id":2051,"href":"https:\/\/www.darlingdesperados.com\/index.php?rest_route=\/wp\/v2\/pages\/2045\/revisions\/2051"}],"wp:attachment":[{"href":"https:\/\/www.darlingdesperados.com\/index.php?rest_route=%2Fwp%2Fv2%2Fmedia&parent=2045"}],"curies":[{"name":"wp","href":"https:\/\/api.w.org\/{rel}","templated":true}]}}