{"id":1607,"date":"2023-11-28T21:22:50","date_gmt":"2023-11-28T21:22:50","guid":{"rendered":"https:\/\/www.darlingdesperados.com\/?page_id=1607"},"modified":"2024-10-28T16:36:14","modified_gmt":"2024-10-28T16:36:14","slug":"the-possibility-of-an-island","status":"publish","type":"page","link":"https:\/\/www.darlingdesperados.com\/?page_id=1607","title":{"rendered":"The Possibility of an Island"},"content":{"rendered":"<p><img decoding=\"async\" loading=\"lazy\" class=\"alignnone size-large wp-image-1602\" src=\"https:\/\/www.darlingdesperados.com\/wp-content\/uploads\/TerceiraPessoa_post_novo-819x1024.png\" alt=\"\" width=\"474\" height=\"593\" srcset=\"https:\/\/www.darlingdesperados.com\/wp-content\/uploads\/TerceiraPessoa_post_novo-819x1024.png 819w, https:\/\/www.darlingdesperados.com\/wp-content\/uploads\/TerceiraPessoa_post_novo-240x300.png 240w, https:\/\/www.darlingdesperados.com\/wp-content\/uploads\/TerceiraPessoa_post_novo-768x960.png 768w, https:\/\/www.darlingdesperados.com\/wp-content\/uploads\/TerceiraPessoa_post_novo-400x500.png 400w, https:\/\/www.darlingdesperados.com\/wp-content\/uploads\/TerceiraPessoa_post_novo.png 1080w\" sizes=\"(max-width: 474px) 100vw, 474px\" \/><\/p>\n\n\n<p><\/p>\n\n\n\n<p><strong>The Possibility of an Island<\/strong>, Terceira Pessoa and Darling Desperados. 29\/11 \u2013 02\/12.<\/p>\n\n\n\n<p>The Possibility of an Island is an exhibition that invites the audience to interact with and reflect upon a series of works that are inspired by the idea of the artist\u2019s absence.&nbsp;<\/p>\n\n\n\n<p>Taking place simultaneously in Lisbon, Castelo Branco and Stockholm, each artist shared not works of art, but instructions for how to create it. These instructions were interpreted by the local teams and must be completed by the audience, creating the exhibition in real-time.<\/p>\n\n\n\n<p>As they move through the space, the viewer is invited to think of each work as an \u2018island of activity\u2019, which will appear and then disappear again at their will. In acknowledging their position of power in this process, they are asked to consider if the purpose of art is simply for an audience to see an object, of if it is that the object is exposed to the audience?<\/p>\n\n\n\n<p>SWEDEN<\/p>\n\n\n\n<p>Bertha\u2019s Bag \u2013 What\u2019s in Yours?, Tinna Jon\u00e9<br>The Explorer\u2019s Diary, Franco Velo<br>Dog Days, Valentin Malmgren and Dolgion Ganbayar<br>Love Makes Life Less Painful, Katta P\u00e5lsson, Emma Creed and Ulrika Malmgren<\/p>\n\n\n\n<p>PORTUGAL<br>The Blue Line, Nuno Le\u00e3o;<br>Duck to Island, Jo\u00e3o Dias;<br>Vem e torna os meus sonhos frustrados em palavras de algod\u00e3o, In\u00eas N\u00eaves;<br>Sem t\u00edtulo (sem data), sem artista, sem formato, sem medida, In\u00eas N\u00eaves;<br>Then Possibility of an Island, Ana Gil;<br>Le Vernissage, \u00d3scar Silva&nbsp;<\/p>\n\n\n\n<figure class=\"is-layout-flex wp-block-gallery-1 wp-block-gallery has-nested-images columns-default is-cropped\">\n<figure class=\"wp-block-image size-large\"><img decoding=\"async\" loading=\"lazy\" width=\"768\" height=\"1024\" data-id=\"1838\"  src=\"https:\/\/www.darlingdesperados.com\/wp-content\/uploads\/IMG_3759-768x1024.jpg\" alt=\"\" class=\"wp-image-1838\" srcset=\"https:\/\/www.darlingdesperados.com\/wp-content\/uploads\/IMG_3759-768x1024.jpg 768w, https:\/\/www.darlingdesperados.com\/wp-content\/uploads\/IMG_3759-225x300.jpg 225w, https:\/\/www.darlingdesperados.com\/wp-content\/uploads\/IMG_3759-1152x1536.jpg 1152w, https:\/\/www.darlingdesperados.com\/wp-content\/uploads\/IMG_3759-1536x2048.jpg 1536w, https:\/\/www.darlingdesperados.com\/wp-content\/uploads\/IMG_3759-1250x1667.jpg 1250w, https:\/\/www.darlingdesperados.com\/wp-content\/uploads\/IMG_3759-400x533.jpg 400w, https:\/\/www.darlingdesperados.com\/wp-content\/uploads\/IMG_3759-scaled.jpg 1920w\" sizes=\"(max-width: 768px) 100vw, 768px\" \/><\/figure>\n\n\n\n<figure class=\"wp-block-image size-large\"><img decoding=\"async\" loading=\"lazy\" width=\"768\" height=\"1024\" data-id=\"1839\"  src=\"https:\/\/www.darlingdesperados.com\/wp-content\/uploads\/WhatsApp-Image-2023-11-29-at-18.58.26-1-768x1024.jpeg\" alt=\"\" class=\"wp-image-1839\" srcset=\"https:\/\/www.darlingdesperados.com\/wp-content\/uploads\/WhatsApp-Image-2023-11-29-at-18.58.26-1-768x1024.jpeg 768w, https:\/\/www.darlingdesperados.com\/wp-content\/uploads\/WhatsApp-Image-2023-11-29-at-18.58.26-1-225x300.jpeg 225w, https:\/\/www.darlingdesperados.com\/wp-content\/uploads\/WhatsApp-Image-2023-11-29-at-18.58.26-1-1152x1536.jpeg 1152w, https:\/\/www.darlingdesperados.com\/wp-content\/uploads\/WhatsApp-Image-2023-11-29-at-18.58.26-1-1250x1667.jpeg 1250w, https:\/\/www.darlingdesperados.com\/wp-content\/uploads\/WhatsApp-Image-2023-11-29-at-18.58.26-1-400x533.jpeg 400w, https:\/\/www.darlingdesperados.com\/wp-content\/uploads\/WhatsApp-Image-2023-11-29-at-18.58.26-1.jpeg 1530w\" sizes=\"(max-width: 768px) 100vw, 768px\" \/><\/figure>\n<\/figure>\n\n\n\n<p><strong>Terceira Pessoa and Darling Desperados: The Partnership<\/strong><\/p>\n\n\n\n<p>The Possibility of an Island is the result of a collaboration between Terceira Pessoa from Castelo Branco and Darling Desperados from Stockholm.<\/p>\n\n\n\n<p><strong>Terceira Pessoa <\/strong>develops artistic projects using an interdisciplinary approach that brings together a diverse range of professionals. Their work aims to cater to audiences regardless of age or socio-cultural background and seeks to bring communities closer together through promoting cultural exchange between local tradition and contemporary modes of expression.<\/p>\n\n\n\n<p>Founded by Ulrika Malmgren and Katta P\u00e5lsson in 1987, Darling Desperados works at the intersection of the performing arts (theatre, workshops and seminars) and digital media (film, XR and 360\u00b0 film). They work to find ways to integrate new technology into performances with live actors and installations, and they believe that their art must be environmentally sustainable in its creation, an idea that is central to their development as a company.<\/p>\n\n\n\n<p>Both artistic collectives have been deeply interested in the crossover of analog and digital media and have been working with this topic through different performances and installations over the past three years. The Possibility of an Island was born from this shared interest and became an opportunity for Terceira Pessoa and Darling Desperados to look deeper into the contrast between the physicality of the working with the body (the analog) and the absence of that physicality (the virtual).<\/p>\n\n\n\n<p>The artists were challenged to create something that encourages physicality or presence in a given moment in time, and the desire to work together to build something, even in the team\u2019s absence.<\/p>\n\n\n\n<div class=\"is-layout-constrained wp-block-group\"><div class=\"wp-block-group__inner-container\">\n<figure class=\"is-layout-flex wp-block-gallery-3 wp-block-gallery has-nested-images columns-default is-cropped\">\n<figure class=\"wp-block-image size-large\"><img decoding=\"async\" loading=\"lazy\" width=\"768\" height=\"1024\" src=\"https:\/\/www.darlingdesperados.com\/wp-content\/uploads\/IMG_3616-768x1024.jpg\" alt=\"\" class=\"wp-image-1855\" srcset=\"https:\/\/www.darlingdesperados.com\/wp-content\/uploads\/IMG_3616-768x1024.jpg 768w, https:\/\/www.darlingdesperados.com\/wp-content\/uploads\/IMG_3616-225x300.jpg 225w, https:\/\/www.darlingdesperados.com\/wp-content\/uploads\/IMG_3616-1152x1536.jpg 1152w, https:\/\/www.darlingdesperados.com\/wp-content\/uploads\/IMG_3616-1536x2048.jpg 1536w, https:\/\/www.darlingdesperados.com\/wp-content\/uploads\/IMG_3616-1250x1667.jpg 1250w, https:\/\/www.darlingdesperados.com\/wp-content\/uploads\/IMG_3616-400x533.jpg 400w, https:\/\/www.darlingdesperados.com\/wp-content\/uploads\/IMG_3616-scaled.jpg 1920w\" sizes=\"(max-width: 768px) 100vw, 768px\" \/><\/figure>\n\n\n\n<figure class=\"wp-block-image size-large\"><img decoding=\"async\" loading=\"lazy\" width=\"768\" height=\"1024\" src=\"https:\/\/www.darlingdesperados.com\/wp-content\/uploads\/IMG_3624-768x1024.jpg\" alt=\"\" class=\"wp-image-1856\" srcset=\"https:\/\/www.darlingdesperados.com\/wp-content\/uploads\/IMG_3624-768x1024.jpg 768w, https:\/\/www.darlingdesperados.com\/wp-content\/uploads\/IMG_3624-225x300.jpg 225w, https:\/\/www.darlingdesperados.com\/wp-content\/uploads\/IMG_3624-1152x1536.jpg 1152w, https:\/\/www.darlingdesperados.com\/wp-content\/uploads\/IMG_3624-1536x2048.jpg 1536w, https:\/\/www.darlingdesperados.com\/wp-content\/uploads\/IMG_3624-1250x1667.jpg 1250w, https:\/\/www.darlingdesperados.com\/wp-content\/uploads\/IMG_3624-400x533.jpg 400w, https:\/\/www.darlingdesperados.com\/wp-content\/uploads\/IMG_3624-scaled.jpg 1920w\" sizes=\"(max-width: 768px) 100vw, 768px\" \/><\/figure>\n\n\n\n<figure class=\"wp-block-image size-large\"><img decoding=\"async\" loading=\"lazy\" width=\"768\" height=\"1024\" src=\"https:\/\/www.darlingdesperados.com\/wp-content\/uploads\/IMG_3645-768x1024.jpg\" alt=\"\" class=\"wp-image-1857\" srcset=\"https:\/\/www.darlingdesperados.com\/wp-content\/uploads\/IMG_3645-768x1024.jpg 768w, https:\/\/www.darlingdesperados.com\/wp-content\/uploads\/IMG_3645-225x300.jpg 225w, https:\/\/www.darlingdesperados.com\/wp-content\/uploads\/IMG_3645-1152x1536.jpg 1152w, https:\/\/www.darlingdesperados.com\/wp-content\/uploads\/IMG_3645-1536x2048.jpg 1536w, https:\/\/www.darlingdesperados.com\/wp-content\/uploads\/IMG_3645-1250x1667.jpg 1250w, https:\/\/www.darlingdesperados.com\/wp-content\/uploads\/IMG_3645-400x533.jpg 400w, https:\/\/www.darlingdesperados.com\/wp-content\/uploads\/IMG_3645-scaled.jpg 1920w\" sizes=\"(max-width: 768px) 100vw, 768px\" \/><\/figure>\n\n\n\n<figure class=\"wp-block-image size-large\"><img decoding=\"async\" loading=\"lazy\" width=\"768\" height=\"1024\" src=\"https:\/\/www.darlingdesperados.com\/wp-content\/uploads\/IMG_3662-768x1024.jpg\" alt=\"\" class=\"wp-image-1858\" srcset=\"https:\/\/www.darlingdesperados.com\/wp-content\/uploads\/IMG_3662-768x1024.jpg 768w, https:\/\/www.darlingdesperados.com\/wp-content\/uploads\/IMG_3662-225x300.jpg 225w, https:\/\/www.darlingdesperados.com\/wp-content\/uploads\/IMG_3662-1152x1536.jpg 1152w, https:\/\/www.darlingdesperados.com\/wp-content\/uploads\/IMG_3662-1536x2048.jpg 1536w, https:\/\/www.darlingdesperados.com\/wp-content\/uploads\/IMG_3662-1250x1667.jpg 1250w, https:\/\/www.darlingdesperados.com\/wp-content\/uploads\/IMG_3662-400x533.jpg 400w, https:\/\/www.darlingdesperados.com\/wp-content\/uploads\/IMG_3662-scaled.jpg 1920w\" sizes=\"(max-width: 768px) 100vw, 768px\" \/><\/figure>\n\n\n\n<figure class=\"wp-block-image size-large\"><img decoding=\"async\" loading=\"lazy\" width=\"768\" height=\"1024\" src=\"https:\/\/www.darlingdesperados.com\/wp-content\/uploads\/IMG_3666-768x1024.jpg\" alt=\"\" class=\"wp-image-1859\" srcset=\"https:\/\/www.darlingdesperados.com\/wp-content\/uploads\/IMG_3666-768x1024.jpg 768w, https:\/\/www.darlingdesperados.com\/wp-content\/uploads\/IMG_3666-225x300.jpg 225w, https:\/\/www.darlingdesperados.com\/wp-content\/uploads\/IMG_3666-1152x1536.jpg 1152w, https:\/\/www.darlingdesperados.com\/wp-content\/uploads\/IMG_3666-1536x2048.jpg 1536w, https:\/\/www.darlingdesperados.com\/wp-content\/uploads\/IMG_3666-1250x1667.jpg 1250w, https:\/\/www.darlingdesperados.com\/wp-content\/uploads\/IMG_3666-400x533.jpg 400w, https:\/\/www.darlingdesperados.com\/wp-content\/uploads\/IMG_3666-scaled.jpg 1920w\" sizes=\"(max-width: 768px) 100vw, 768px\" \/><\/figure>\n\n\n\n<figure class=\"wp-block-image size-large\"><img decoding=\"async\" loading=\"lazy\" width=\"768\" height=\"1024\" src=\"https:\/\/www.darlingdesperados.com\/wp-content\/uploads\/IMG_3655-768x1024.jpg\" alt=\"\" class=\"wp-image-1860\" srcset=\"https:\/\/www.darlingdesperados.com\/wp-content\/uploads\/IMG_3655-768x1024.jpg 768w, https:\/\/www.darlingdesperados.com\/wp-content\/uploads\/IMG_3655-225x300.jpg 225w, https:\/\/www.darlingdesperados.com\/wp-content\/uploads\/IMG_3655-1152x1536.jpg 1152w, https:\/\/www.darlingdesperados.com\/wp-content\/uploads\/IMG_3655-1536x2048.jpg 1536w, https:\/\/www.darlingdesperados.com\/wp-content\/uploads\/IMG_3655-1250x1667.jpg 1250w, https:\/\/www.darlingdesperados.com\/wp-content\/uploads\/IMG_3655-400x533.jpg 400w, https:\/\/www.darlingdesperados.com\/wp-content\/uploads\/IMG_3655-scaled.jpg 1920w\" sizes=\"(max-width: 768px) 100vw, 768px\" \/><\/figure>\n\n\n\n<figure class=\"wp-block-image size-large\"><img decoding=\"async\" loading=\"lazy\" width=\"768\" height=\"1024\" src=\"https:\/\/www.darlingdesperados.com\/wp-content\/uploads\/PHOTO-2023-11-28-14-08-50-1.jpg\" alt=\"\" class=\"wp-image-1861\" srcset=\"https:\/\/www.darlingdesperados.com\/wp-content\/uploads\/PHOTO-2023-11-28-14-08-50-1.jpg 768w, https:\/\/www.darlingdesperados.com\/wp-content\/uploads\/PHOTO-2023-11-28-14-08-50-1-225x300.jpg 225w, https:\/\/www.darlingdesperados.com\/wp-content\/uploads\/PHOTO-2023-11-28-14-08-50-1-400x533.jpg 400w\" sizes=\"(max-width: 768px) 100vw, 768px\" \/><\/figure>\n\n\n\n<figure class=\"wp-block-image size-large\"><img decoding=\"async\" loading=\"lazy\" width=\"578\" height=\"1024\" src=\"https:\/\/www.darlingdesperados.com\/wp-content\/uploads\/PHOTO-2023-12-02-10-30-55-578x1024.jpg\" alt=\"\" class=\"wp-image-1862\" srcset=\"https:\/\/www.darlingdesperados.com\/wp-content\/uploads\/PHOTO-2023-12-02-10-30-55-578x1024.jpg 578w, https:\/\/www.darlingdesperados.com\/wp-content\/uploads\/PHOTO-2023-12-02-10-30-55-169x300.jpg 169w, https:\/\/www.darlingdesperados.com\/wp-content\/uploads\/PHOTO-2023-12-02-10-30-55-768x1362.jpg 768w, https:\/\/www.darlingdesperados.com\/wp-content\/uploads\/PHOTO-2023-12-02-10-30-55-866x1536.jpg 866w, https:\/\/www.darlingdesperados.com\/wp-content\/uploads\/PHOTO-2023-12-02-10-30-55-400x709.jpg 400w, https:\/\/www.darlingdesperados.com\/wp-content\/uploads\/PHOTO-2023-12-02-10-30-55.jpg 1128w\" sizes=\"(max-width: 578px) 100vw, 578px\" \/><\/figure>\n<\/figure>\n<\/div><\/div>\n\n\n\n<p><strong>The Artists<\/strong><\/p>\n\n\n\n<p><strong>Stockholm:<\/strong><\/p>\n\n\n\n<p><strong>Tinna Jon\u00e9 <\/strong>is an Assistant Professor in Documentary Storytelling at Stockholm University of the Arts. She researches and creates art surrounding the topic of reality in a digital media langscape, exploring how new technology can support development towards more equal representation.<\/p>\n\n\n\n<p><strong>Franco Veloz<\/strong> is an artist from Argentina now based in Sweden. He works with film, animation and illustration, exploring the boundaries between analog and digital. He creates fantastic worlds where he investigates themes such as memory, power and exposure.<\/p>\n\n\n\n<p><strong>Valentin Malmgren<\/strong> is a graduate of the Royal Art Institute, Sweden. Valentin has an interest in the purposeful development of certain technologies, and the fear vs fetish dynamic that exists in the way we interact with those technologies. His direction of work involves combining and exploring the potential of different softwares, and collaging digital assets to produce eerie, familiar-yet-uncanny worlds. These worlds are evocative of the present but also nod towards a complex near-future.<\/p>\n\n\n\n<p><strong>Emma Creed <\/strong>is a Creative Producer working in the intersection of Film and New Media. As an artist she is interested in exploring both what has alienated people to different forms of art and also encouraged to engage them with it. She believes that XR has the possibility to play with the reality of how people interact with the environments around them, exploring historical and current narratives to reconnect alienated audiences with art by literally bringing it to them.<\/p>\n\n\n\n<p><strong>Ulrika Malmgren <\/strong>is an Actor, Artist, Director and Producer. Since 2022 she has been an Associate Professor for BA and MA students at Stockholm University of the Arts. Ulrika has designed many of the most popular and highly qualified courses and collaborations at the university, including the International Masters Program in New Media and in Acting.<\/p>\n\n\n\n<p><strong>Katta P\u00e5lsson<\/strong> is an Actor, Artist, Director and Producer. She has been working as a producer at Unga Klara (Sweden&#8217;s theatre company with a national assignment for young audiences) and Cirkus Cirk\u00f6r (the largest circus company in Scandinavia). She has a MA in Film\/Media and New Digital Platforms.<\/p>\n\n\n\n<p><strong>Lisbon:<\/strong><\/p>\n\n\n\n<p><strong>Ana Gil <\/strong>has a degree in Theatre from the Escola Superior de Teatro e Cinema, Lisbon. She is co-artistic director of Terceira Pessoa, which she co-founded with Nuno Le\u00e3o in 2012. Through this organisation she has directed creative projects in theatre and interdisciplinary fields, education, audience development and programming. She is also Professor of Dramatic Expression on the Basic Education course at Escola Superior de Educa\u00e7\u00e3o, Castelo Branco.<\/p>\n\n\n\n<p><strong>\u00d3scar Silva <\/strong>is the artistic director of Terceira Pessoa, where he has worked since 2015, and founder of the collective Mr Jo\u00e3o. He works mainly in the broad field of theatre and performance as a creator, director and actor. He has a degree in theatre and a master&#8217;s degree in performance practices. He studied at ESTC (PT), ECA-USP (BR), UAL-CSM (UK) and \u00c9cole des Ma\u00eetres (EU). Between 2010 and 2014 he lived and worked in S\u00e3o Paulo, and between 2014 and 2017 in London.<\/p>\n\n\n\n<p><strong>Nuno Le\u00e3o<\/strong> was born in Alcains. A graduate in Theatre from Escola Superior de Teatro e Cinema in Lisbon, he is co-artistic director of Terceira Pessoa, which he co-founded in 2012. Through this organisation he has directed creative projects in theatre and interdisciplinary fields, education, audience development and programming. Since 2019, he has been Adjunct Professor in Performance at Higher School of Theater and Cinema of the Polytechnic Institute of Lisbon. His interests lie in the hybrid potential of artistic languages as spaces for poetic work.<\/p>\n\n\n\n<p><strong>Jo\u00e3o Dias<\/strong> is an artist focusing on the development of visual languages that explore relations between sculpture, architecture and \u2013 above all \u2013 archaeology practices. In order to do so, he uses thinking strategies derived from painting and drawing in order to explore contemporary mediums and industrial materials, reflecting on the limits of plastic language and Tradition. His artistic practice \u2013 ever more oriented towards large-scale sculpture and Public Art \u2013 while also assuming the role of Artistic Director for new projects and curatorial initiatives.<\/p>\n\n\n\n<p><strong>In\u00eas N\u00eaves<\/strong> is a transdisciplinary artist whose work crosses visual arts, creative writing, and performance. Till this date, she has participated in exhibitions, performances, and residencies in Portugal, Spain, Sweden, and Estonia. She has presented her work in talks, lectures, educational activities, international conferences and publications, and is a member of the KAIR\u00d3S World Network of Young Researchers. In 2022, she was awarded the Painting Prize at the Young Creators National Showcase. In parallel, she has co-created and integrated curatorial and cultural programming collective projects.<\/p>\n\n\n\n<figure class=\"is-layout-flex wp-block-gallery-6 wp-block-gallery has-nested-images columns-default is-cropped\">\n<figure class=\"wp-block-image size-large\"><img decoding=\"async\" loading=\"lazy\" width=\"768\" height=\"1024\" data-id=\"1843\"  src=\"https:\/\/www.darlingdesperados.com\/wp-content\/uploads\/IMG_3686-768x1024.jpg\" alt=\"\" class=\"wp-image-1843\" srcset=\"https:\/\/www.darlingdesperados.com\/wp-content\/uploads\/IMG_3686-768x1024.jpg 768w, https:\/\/www.darlingdesperados.com\/wp-content\/uploads\/IMG_3686-225x300.jpg 225w, https:\/\/www.darlingdesperados.com\/wp-content\/uploads\/IMG_3686-1152x1536.jpg 1152w, https:\/\/www.darlingdesperados.com\/wp-content\/uploads\/IMG_3686-1536x2048.jpg 1536w, https:\/\/www.darlingdesperados.com\/wp-content\/uploads\/IMG_3686-1250x1667.jpg 1250w, https:\/\/www.darlingdesperados.com\/wp-content\/uploads\/IMG_3686-400x533.jpg 400w, https:\/\/www.darlingdesperados.com\/wp-content\/uploads\/IMG_3686-scaled.jpg 1920w\" sizes=\"(max-width: 768px) 100vw, 768px\" \/><\/figure>\n\n\n\n<figure class=\"wp-block-image size-large\"><img decoding=\"async\" loading=\"lazy\" width=\"768\" height=\"1024\" data-id=\"1844\"  src=\"https:\/\/www.darlingdesperados.com\/wp-content\/uploads\/IMG_3708-768x1024.jpg\" alt=\"\" class=\"wp-image-1844\" srcset=\"https:\/\/www.darlingdesperados.com\/wp-content\/uploads\/IMG_3708-768x1024.jpg 768w, https:\/\/www.darlingdesperados.com\/wp-content\/uploads\/IMG_3708-225x300.jpg 225w, https:\/\/www.darlingdesperados.com\/wp-content\/uploads\/IMG_3708-1152x1536.jpg 1152w, https:\/\/www.darlingdesperados.com\/wp-content\/uploads\/IMG_3708-1536x2048.jpg 1536w, https:\/\/www.darlingdesperados.com\/wp-content\/uploads\/IMG_3708-1250x1667.jpg 1250w, https:\/\/www.darlingdesperados.com\/wp-content\/uploads\/IMG_3708-400x533.jpg 400w, https:\/\/www.darlingdesperados.com\/wp-content\/uploads\/IMG_3708-scaled.jpg 1920w\" sizes=\"(max-width: 768px) 100vw, 768px\" \/><\/figure>\n\n\n\n<figure class=\"wp-block-image size-large\"><img decoding=\"async\" loading=\"lazy\" width=\"768\" height=\"1024\" data-id=\"1845\"  src=\"https:\/\/www.darlingdesperados.com\/wp-content\/uploads\/IMG_3675-768x1024.jpg\" alt=\"\" class=\"wp-image-1845\" srcset=\"https:\/\/www.darlingdesperados.com\/wp-content\/uploads\/IMG_3675-768x1024.jpg 768w, https:\/\/www.darlingdesperados.com\/wp-content\/uploads\/IMG_3675-225x300.jpg 225w, https:\/\/www.darlingdesperados.com\/wp-content\/uploads\/IMG_3675-1152x1536.jpg 1152w, https:\/\/www.darlingdesperados.com\/wp-content\/uploads\/IMG_3675-1536x2048.jpg 1536w, https:\/\/www.darlingdesperados.com\/wp-content\/uploads\/IMG_3675-1250x1667.jpg 1250w, https:\/\/www.darlingdesperados.com\/wp-content\/uploads\/IMG_3675-400x533.jpg 400w, https:\/\/www.darlingdesperados.com\/wp-content\/uploads\/IMG_3675-scaled.jpg 1920w\" sizes=\"(max-width: 768px) 100vw, 768px\" \/><\/figure>\n\n\n\n<figure class=\"wp-block-image size-large\"><img decoding=\"async\" loading=\"lazy\" width=\"577\" height=\"1024\" data-id=\"1848\"  src=\"https:\/\/www.darlingdesperados.com\/wp-content\/uploads\/PHOTO-2023-11-28-16-59-30-1-577x1024.jpg\" alt=\"\" class=\"wp-image-1848\" srcset=\"https:\/\/www.darlingdesperados.com\/wp-content\/uploads\/PHOTO-2023-11-28-16-59-30-1-577x1024.jpg 577w, https:\/\/www.darlingdesperados.com\/wp-content\/uploads\/PHOTO-2023-11-28-16-59-30-1-169x300.jpg 169w, https:\/\/www.darlingdesperados.com\/wp-content\/uploads\/PHOTO-2023-11-28-16-59-30-1-768x1364.jpg 768w, https:\/\/www.darlingdesperados.com\/wp-content\/uploads\/PHOTO-2023-11-28-16-59-30-1-865x1536.jpg 865w, https:\/\/www.darlingdesperados.com\/wp-content\/uploads\/PHOTO-2023-11-28-16-59-30-1-400x710.jpg 400w, https:\/\/www.darlingdesperados.com\/wp-content\/uploads\/PHOTO-2023-11-28-16-59-30-1.jpg 1153w\" sizes=\"(max-width: 577px) 100vw, 577px\" \/><\/figure>\n<\/figure>\n\n\n\n<p class=\"has-green-background-color has-background\"><strong data-rich-text-format-boundary=\"true\">At at Rua das Gaivotas 6 (Lisbon), F\u00e1brica da Criatividade (Castelo Branco) and Galleri Artsight (Stockholm) <\/strong><\/p>\n\n\n\n<figure class=\"is-layout-flex wp-block-gallery-8 wp-block-gallery has-nested-images columns-default is-cropped\"><\/figure>\n\n\n\n<p><\/p>\n","protected":false},"excerpt":{"rendered":"<p>The Possibility of an Island, Terceira Pessoa and Darling Desperados. 29\/11 \u2013 02\/12. The Possibility of an Island is an exhibition that invites the audience to interact with and reflect upon a series of works that are inspired by the idea of the artist\u2019s absence.&nbsp; Taking place simultaneously in Lisbon, Castelo Branco and Stockholm, each &hellip; <a href=\"https:\/\/www.darlingdesperados.com\/?page_id=1607\" class=\"more-link\">Continue reading <span class=\"screen-reader-text\">The Possibility of an Island<\/span> <span class=\"meta-nav\">&rarr;<\/span><\/a><\/p>\n","protected":false},"author":1,"featured_media":1634,"parent":0,"menu_order":0,"comment_status":"closed","ping_status":"closed","template":"","meta":[],"_links":{"self":[{"href":"https:\/\/www.darlingdesperados.com\/index.php?rest_route=\/wp\/v2\/pages\/1607"}],"collection":[{"href":"https:\/\/www.darlingdesperados.com\/index.php?rest_route=\/wp\/v2\/pages"}],"about":[{"href":"https:\/\/www.darlingdesperados.com\/index.php?rest_route=\/wp\/v2\/types\/page"}],"author":[{"embeddable":true,"href":"https:\/\/www.darlingdesperados.com\/index.php?rest_route=\/wp\/v2\/users\/1"}],"replies":[{"embeddable":true,"href":"https:\/\/www.darlingdesperados.com\/index.php?rest_route=%2Fwp%2Fv2%2Fcomments&post=1607"}],"version-history":[{"count":12,"href":"https:\/\/www.darlingdesperados.com\/index.php?rest_route=\/wp\/v2\/pages\/1607\/revisions"}],"predecessor-version":[{"id":1863,"href":"https:\/\/www.darlingdesperados.com\/index.php?rest_route=\/wp\/v2\/pages\/1607\/revisions\/1863"}],"wp:featuredmedia":[{"embeddable":true,"href":"https:\/\/www.darlingdesperados.com\/index.php?rest_route=\/wp\/v2\/media\/1634"}],"wp:attachment":[{"href":"https:\/\/www.darlingdesperados.com\/index.php?rest_route=%2Fwp%2Fv2%2Fmedia&parent=1607"}],"curies":[{"name":"wp","href":"https:\/\/api.w.org\/{rel}","templated":true}]}}